[INFO] cloning repository https://github.com/paritytech/parity-processbot
[INFO] running `Command { std: "git" "-c" "credential.helper=" "-c" "credential.helper=/workspace/cargo-home/bin/git-credential-null" "clone" "--bare" "https://github.com/paritytech/parity-processbot" "/workspace/cache/git-repos/https%3A%2F%2Fgithub.com%2Fparitytech%2Fparity-processbot", kill_on_drop: false }`
[INFO] [stderr] Cloning into bare repository '/workspace/cache/git-repos/https%3A%2F%2Fgithub.com%2Fparitytech%2Fparity-processbot'...
[INFO] running `Command { std: "git" "rev-parse" "HEAD", kill_on_drop: false }`
[INFO] [stdout] 17313622c2f7439daf0f5e1a6729ec545cd1423d
[INFO] checking paritytech/parity-processbot against try#72f88fc4e9458f89516a0b8b0868f3718aec5b47 for pr-74989
[INFO] running `Command { std: "git" "clone" "/workspace/cache/git-repos/https%3A%2F%2Fgithub.com%2Fparitytech%2Fparity-processbot" "/workspace/builds/worker-13/source", kill_on_drop: false }`
[INFO] [stderr] Cloning into '/workspace/builds/worker-13/source'...
[INFO] [stderr] done.
[INFO] validating manifest of git repo https://github.com/paritytech/parity-processbot on toolchain 72f88fc4e9458f89516a0b8b0868f3718aec5b47
[INFO] running `Command { std: "/workspace/cargo-home/bin/cargo" "+72f88fc4e9458f89516a0b8b0868f3718aec5b47" "read-manifest" "--manifest-path" "Cargo.toml", kill_on_drop: false }`
[INFO] started tweaking git repo https://github.com/paritytech/parity-processbot
[INFO] finished tweaking git repo https://github.com/paritytech/parity-processbot
[INFO] tweaked toml for git repo https://github.com/paritytech/parity-processbot written to /workspace/builds/worker-13/source/Cargo.toml
[INFO] crate git repo https://github.com/paritytech/parity-processbot already has a lockfile, it will not be regenerated
[INFO] running `Command { std: "/workspace/cargo-home/bin/cargo" "+72f88fc4e9458f89516a0b8b0868f3718aec5b47" "fetch" "--locked" "--manifest-path" "Cargo.toml", kill_on_drop: false }`
[INFO] [stderr]     Blocking waiting for file lock on package cache
[INFO] [stderr]     Blocking waiting for file lock on package cache
[INFO] [stderr]  Downloading crates ...
[INFO] [stderr]   Downloaded base16 v0.2.1
[INFO] [stderr]   Downloaded jsonwebtoken v7.1.2
[INFO] [stderr]   Downloaded curl v0.4.30
[INFO] [stderr]   Downloaded bindgen v0.53.3
[INFO] [stderr]   Downloaded hyperx v1.0.0
[INFO] [stderr]   Downloaded curl-sys v0.4.32+curl-7.70.0
[INFO] running `Command { std: "docker" "create" "-v" "/var/lib/crater-agent-workspace/builds/worker-13/target:/opt/rustwide/target:rw,Z" "-v" "/var/lib/crater-agent-workspace/builds/worker-13/source:/opt/rustwide/workdir:ro,Z" "-v" "/var/lib/crater-agent-workspace/cargo-home:/opt/rustwide/cargo-home:ro,Z" "-v" "/var/lib/crater-agent-workspace/rustup-home:/opt/rustwide/rustup-home:ro,Z" "-e" "SOURCE_DIR=/opt/rustwide/workdir" "-e" "CARGO_TARGET_DIR=/opt/rustwide/target" "-e" "CARGO_HOME=/opt/rustwide/cargo-home" "-e" "RUSTUP_HOME=/opt/rustwide/rustup-home" "-w" "/opt/rustwide/workdir" "-m" "1610612736" "--user" "0:0" "--network" "none" "rustops/crates-build-env@sha256:d92eaeed33fa75130ca1ee6c8a01d1ffb62bac859dfdfb3450e3e5d1c0146529" "/opt/rustwide/cargo-home/bin/cargo" "+72f88fc4e9458f89516a0b8b0868f3718aec5b47" "metadata" "--no-deps" "--format-version=1", kill_on_drop: false }`
[INFO] [stdout] c33f5948641d022db3007c2271eeb3e19cd67f5290e70a95dd99868de0639d90
[INFO] [stderr] WARNING: Your kernel does not support swap limit capabilities or the cgroup is not mounted. Memory limited without swap.
[INFO] running `Command { std: "docker" "start" "-a" "c33f5948641d022db3007c2271eeb3e19cd67f5290e70a95dd99868de0639d90", kill_on_drop: false }`
[INFO] running `Command { std: "docker" "inspect" "c33f5948641d022db3007c2271eeb3e19cd67f5290e70a95dd99868de0639d90", kill_on_drop: false }`
[INFO] running `Command { std: "docker" "rm" "-f" "c33f5948641d022db3007c2271eeb3e19cd67f5290e70a95dd99868de0639d90", kill_on_drop: false }`
[INFO] [stdout] c33f5948641d022db3007c2271eeb3e19cd67f5290e70a95dd99868de0639d90
[INFO] running `Command { std: "docker" "create" "-v" "/var/lib/crater-agent-workspace/builds/worker-13/target:/opt/rustwide/target:rw,Z" "-v" "/var/lib/crater-agent-workspace/builds/worker-13/source:/opt/rustwide/workdir:ro,Z" "-v" "/var/lib/crater-agent-workspace/cargo-home:/opt/rustwide/cargo-home:ro,Z" "-v" "/var/lib/crater-agent-workspace/rustup-home:/opt/rustwide/rustup-home:ro,Z" "-e" "SOURCE_DIR=/opt/rustwide/workdir" "-e" "CARGO_TARGET_DIR=/opt/rustwide/target" "-e" "CARGO_INCREMENTAL=0" "-e" "RUST_BACKTRACE=full" "-e" "RUSTFLAGS=--cap-lints=forbid" "-e" "CARGO_HOME=/opt/rustwide/cargo-home" "-e" "RUSTUP_HOME=/opt/rustwide/rustup-home" "-w" "/opt/rustwide/workdir" "-m" "1610612736" "--user" "0:0" "--network" "none" "rustops/crates-build-env@sha256:d92eaeed33fa75130ca1ee6c8a01d1ffb62bac859dfdfb3450e3e5d1c0146529" "/opt/rustwide/cargo-home/bin/cargo" "+72f88fc4e9458f89516a0b8b0868f3718aec5b47" "check" "--frozen" "--all" "--all-targets" "--message-format=json", kill_on_drop: false }`
[INFO] [stderr] WARNING: Your kernel does not support swap limit capabilities or the cgroup is not mounted. Memory limited without swap.
[INFO] [stdout] ed4e7570f8493ef979198fa9cded055255a3a4021391d3e068975cdc17b92fe3
[INFO] running `Command { std: "docker" "start" "-a" "ed4e7570f8493ef979198fa9cded055255a3a4021391d3e068975cdc17b92fe3", kill_on_drop: false }`
[INFO] [stderr]     Blocking waiting for file lock on package cache
[INFO] [stderr]    Compiling proc-macro2 v1.0.18
[INFO] [stderr]    Compiling log v0.4.8
[INFO] [stderr]    Compiling memchr v2.3.3
[INFO] [stderr]    Compiling serde_derive v1.0.114
[INFO] [stderr]    Compiling serde v1.0.114
[INFO] [stderr]     Checking futures-core v0.3.5
[INFO] [stderr]     Checking slab v0.4.2
[INFO] [stderr]     Checking futures-sink v0.3.5
[INFO] [stderr]    Compiling proc-macro-nested v0.1.6
[INFO] [stderr]    Compiling proc-macro-hack v0.5.16
[INFO] [stderr]     Checking pin-utils v0.1.0
[INFO] [stderr]     Checking bytes v0.5.5
[INFO] [stderr]    Compiling serde_json v1.0.55
[INFO] [stderr]    Compiling glob v0.3.0
[INFO] [stderr]     Checking arc-swap v0.4.7
[INFO] [stderr]    Compiling regex-syntax v0.6.18
[INFO] [stderr]    Compiling wasm-bindgen v0.2.63
[INFO] [stderr]    Compiling bindgen v0.53.3
[INFO] [stderr]    Compiling ansi_term v0.11.0
[INFO] [stderr]     Checking foreign-types-shared v0.1.1
[INFO] [stderr]    Compiling httparse v1.3.4
[INFO] [stderr]     Checking matches v0.1.8
[INFO] [stderr]     Checking tinyvec v0.3.3
[INFO] [stderr]    Compiling lazycell v1.2.1
[INFO] [stderr]     Checking openssl-probe v0.1.2
[INFO] [stderr]    Compiling native-tls v0.2.4
[INFO] [stderr]    Compiling peeking_take_while v0.1.2
[INFO] [stderr]     Checking try-lock v0.2.2
[INFO] [stderr]     Checking tower-service v0.3.0
[INFO] [stderr]     Checking parking v1.0.2
[INFO] [stderr]     Checking cache-padded v1.1.0
[INFO] [stderr]     Checking untrusted v0.7.1
[INFO] [stderr]    Compiling hyperx v1.0.0
[INFO] [stderr]    Compiling curl v0.4.30
[INFO] [stderr]     Checking linked-hash-map v0.5.3
[INFO] [stderr]     Checking fastrand v1.2.4
[INFO] [stderr]     Checking smallvec v1.4.0
[INFO] [stderr]    Compiling anyhow v1.0.31
[INFO] [stderr]     Checking scoped-tls v1.0.0
[INFO] [stderr]     Checking scopeguard v1.1.0
[INFO] [stderr]     Checking language-tags v0.2.2
[INFO] [stderr]     Checking termcolor v1.1.0
[INFO] [stderr]     Checking base64 v0.11.0
[INFO] [stderr]     Checking dotenv v0.15.0
[INFO] [stderr]     Checking base16 v0.2.1
[INFO] [stderr]    Compiling nom v5.1.2
[INFO] [stderr]    Compiling num-traits v0.2.12
[INFO] [stderr]    Compiling indexmap v1.4.0
[INFO] [stderr]    Compiling num-integer v0.1.43
[INFO] [stderr]    Compiling num-bigint v0.2.6
[INFO] [stderr]    Compiling crossbeam-utils v0.7.2
[INFO] [stderr]    Compiling thread_local v1.0.1
[INFO] [stderr]     Checking futures-channel v0.3.5
[INFO] [stderr]     Checking foreign-types v0.3.2
[INFO] [stderr]     Checking unicode-bidi v0.3.4
[INFO] [stderr]     Checking http v0.2.1
[INFO] [stderr]     Checking unicode-normalization v0.1.13
[INFO] [stderr]     Checking concurrent-queue v1.1.1
[INFO] [stderr]     Checking lock_api v0.3.4
[INFO] [stderr]    Compiling libc v0.2.71
[INFO] [stderr]     Checking yaml-rust v0.4.4
[INFO] [stderr]    Compiling bitflags v1.2.1
[INFO] [stderr]    Compiling clang-sys v0.29.3
[INFO] [stderr]     Checking encoding_rs v0.8.23
[INFO] [stderr]     Checking net2 v0.2.34
[INFO] [stderr]     Checking signal-hook-registry v1.2.0
[INFO] [stderr]     Checking socket2 v0.3.12
[INFO] [stderr]     Checking atty v0.2.14
[INFO] [stderr]     Checking parking_lot_core v0.7.2
[INFO] [stderr]     Checking want v0.3.0
[INFO] [stderr]     Checking kv-log-macro v1.0.6
[INFO] [stderr]     Checking aho-corasick v0.7.13
[INFO] [stderr]     Checking mio v0.6.22
[INFO] [stderr]    Compiling jobserver v0.1.21
[INFO] [stderr]    Compiling which v3.1.1
[INFO] [stderr]    Compiling quote v1.0.7
[INFO] [stderr]     Checking idna v0.2.0
[INFO] [stderr]     Checking parking_lot v0.10.2
[INFO] [stderr]    Compiling clap v2.33.1
[INFO] [stderr]    Compiling cc v1.0.54
[INFO] [stderr]    Compiling syn v1.0.33
[INFO] [stderr]     Checking url v2.1.1
[INFO] [stderr]     Checking mio-uds v0.6.8
[INFO] [stderr]     Checking regex v1.3.9
[INFO] [stderr]     Checking http-body v0.3.1
[INFO] [stderr]    Compiling openssl-sys v0.9.58
[INFO] [stderr]    Compiling libloading v0.5.2
[INFO] [stderr]    Compiling libz-sys v1.0.25
[INFO] [stderr]    Compiling curl-sys v0.4.32+curl-7.70.0
[INFO] [stderr]    Compiling ring v0.16.15
[INFO] [stderr]     Checking pem v0.8.1
[INFO] [stderr]     Checking env_logger v0.7.1
[INFO] [stderr]    Compiling cexpr v0.4.0
[INFO] [stderr]    Compiling openssl v0.10.29
[INFO] [stderr]    Compiling wasm-bindgen-backend v0.2.63
[INFO] [stderr]    Compiling pin-project-internal v0.4.22
[INFO] [stderr]    Compiling futures-macro v0.3.5
[INFO] [stderr]    Compiling tokio-macros v0.2.5
[INFO] [stderr]    Compiling thiserror-impl v1.0.20
[INFO] [stderr]    Compiling snafu-derive v0.6.8
[INFO] [stderr]    Compiling wasm-bindgen-macro-support v0.2.63
[INFO] [stderr]     Checking tokio v0.2.21
[INFO] [stderr]    Compiling wasm-bindgen-macro v0.2.63
[INFO] [stderr]     Checking thiserror v1.0.20
[INFO] [stderr]     Checking snafu v0.6.8
[INFO] [stderr]     Checking pin-project v0.4.22
[INFO] [stderr]     Checking futures-util v0.3.5
[INFO] [stderr]    Compiling librocksdb-sys v6.7.4
[INFO] [stderr]     Checking tokio-util v0.3.1
[INFO] [stderr]     Checking tokio-tls v0.3.1
[INFO] [stderr]     Checking h2 v0.2.5
[INFO] [stderr]     Checking blocking v0.4.6
[INFO] [stderr]     Checking futures-executor v0.3.5
[INFO] [stderr]     Checking futures v0.3.5
[INFO] [stderr]     Checking smol v0.1.18
[INFO] [stderr]     Checking hyper v0.13.6
[INFO] [stderr]     Checking chrono v0.4.11
[INFO] [stderr]     Checking serde_urlencoded v0.6.1
[INFO] [stderr]     Checking bincode v1.3.1
[INFO] [stderr]     Checking toml v0.5.6
[INFO] [stderr]     Checking serde_yaml v0.8.13
[INFO] [stderr]     Checking simple_asn1 v0.4.0
[INFO] [stderr] error: could not compile `hyper`.
[INFO] [stderr] 
[INFO] [stderr] Caused by:
[INFO] [stderr]   process didn't exit successfully: `rustc --crate-name hyper --edition=2018 /opt/rustwide/cargo-home/registry/src/github.com-1ecc6299db9ec823/hyper-0.13.6/src/lib.rs --error-format=json --json=diagnostic-rendered-ansi --crate-type lib --emit=dep-info,metadata -C embed-bitcode=no -C debuginfo=2 --cfg 'feature="socket2"' --cfg 'feature="stream"' --cfg 'feature="tcp"' -C metadata=bd1a86364f4f285a -C extra-filename=-bd1a86364f4f285a --out-dir /opt/rustwide/target/debug/deps -L dependency=/opt/rustwide/target/debug/deps --extern bytes=/opt/rustwide/target/debug/deps/libbytes-dfd5bc4fc76d1df4.rmeta --extern futures_channel=/opt/rustwide/target/debug/deps/libfutures_channel-8b8b1e7fc5e724ee.rmeta --extern futures_core=/opt/rustwide/target/debug/deps/libfutures_core-c17f700371417c3d.rmeta --extern futures_util=/opt/rustwide/target/debug/deps/libfutures_util-cbb36e32d6f742a4.rmeta --extern h2=/opt/rustwide/target/debug/deps/libh2-506cf8490bc2f855.rmeta --extern http=/opt/rustwide/target/debug/deps/libhttp-84d4a1afceb4d341.rmeta --extern http_body=/opt/rustwide/target/debug/deps/libhttp_body-881810ce848a40c6.rmeta --extern httparse=/opt/rustwide/target/debug/deps/libhttparse-d5e9538dc14d20d5.rmeta --extern itoa=/opt/rustwide/target/debug/deps/libitoa-565971dbbe11d938.rmeta --extern log=/opt/rustwide/target/debug/deps/liblog-31c8501680b3d924.rmeta --extern pin_project=/opt/rustwide/target/debug/deps/libpin_project-08bbc5b0d75fd4e4.rmeta --extern socket2=/opt/rustwide/target/debug/deps/libsocket2-65ce9f879d300560.rmeta --extern time=/opt/rustwide/target/debug/deps/libtime-2b1f85aa734d1ffe.rmeta --extern tokio=/opt/rustwide/target/debug/deps/libtokio-076dd0f8e649e778.rmeta --extern tower_service=/opt/rustwide/target/debug/deps/libtower_service-d9498227d942efc0.rmeta --extern want=/opt/rustwide/target/debug/deps/libwant-34c35ae6527a24d2.rmeta --cap-lints allow --cap-lints=forbid` (signal: 9, SIGKILL: kill)
[INFO] [stderr] warning: build failed, waiting for other jobs to finish...
[INFO] [stderr] The following warnings were emitted during compilation:
[INFO] [stderr] 
[INFO] [stderr] warning: c++: fatal error: Killed signal terminated program cc1plus
[INFO] [stderr] warning: compilation terminated.
[INFO] [stderr] warning: c++: fatal error: Killed signal terminated program cc1plus
[INFO] [stderr] warning: compilation terminated.
[INFO] [stderr] warning: c++: fatal error: Killed signal terminated program cc1plus
[INFO] [stderr] warning: compilation terminated.
[INFO] [stderr] warning: c++: fatal error: Killed signal terminated program cc1plus
[INFO] [stderr] warning: compilation terminated.
[INFO] [stderr] warning: c++: fatal error: Killed signal terminated program cc1plus
[INFO] [stderr] warning: compilation terminated.
[INFO] [stderr] warning: c++: fatal error: Killed signal terminated program cc1plus
[INFO] [stderr] warning: compilation terminated.
[INFO] [stderr] warning: c++: fatal error: Killed signal terminated program cc1plus
[INFO] [stderr] warning: compilation terminated.
[INFO] [stderr] warning: c++: fatal error: Killed signal terminated program cc1plus
[INFO] [stderr] warning: compilation terminated.
[INFO] [stderr] warning: c++: fatal error: Killed signal terminated program cc1plus
[INFO] [stderr] warning: compilation terminated.
[INFO] [stderr] warning: c++: fatal error: Killed signal terminated program cc1plus
[INFO] [stderr] warning: compilation terminated.
[INFO] [stderr] warning: c++: fatal error: Killed signal terminated program cc1plus
[INFO] [stderr] warning: compilation terminated.
[INFO] [stderr] warning: c++: fatal error: Killed signal terminated program cc1plus
[INFO] [stderr] warning: compilation terminated.
[INFO] [stderr] 
[INFO] [stderr] error: build failed
[INFO] running `Command { std: "docker" "inspect" "ed4e7570f8493ef979198fa9cded055255a3a4021391d3e068975cdc17b92fe3", kill_on_drop: false }`
[INFO] running `Command { std: "docker" "rm" "-f" "ed4e7570f8493ef979198fa9cded055255a3a4021391d3e068975cdc17b92fe3", kill_on_drop: false }`
[INFO] [stdout] ed4e7570f8493ef979198fa9cded055255a3a4021391d3e068975cdc17b92fe3
